**2 - 12*i. Let q be n(4). Calculate the greatest common divisor of 120 and q.
20
Suppose 0 = 2*r + 13*r - 705. What is the greatest common factor of 188 and r?
47
Suppose 1552 = 9*a - 797. Calculate the greatest common factor of 81 and a.
9
Let j = 0 - -6. Let g(f) = -f**3 + 7*f**2 - 4*f + 6. Let d be g(j). Suppose -c - d = -3*c. What is the highest common divisor of c and 1?
1
Suppose 0 = -265*l + 261*l + 420. Calculate the highest common factor of l and 175.
35
Let d = 14 + -16. Suppose 0 = 4*v + v + 20. Let h be d/v - (-34)/4. What is the greatest common divisor of 18 and h?
9
Let h be (-4 + 13)*75/9. Suppose b = 5*i - 10, 45 + 1 = -2*b - 3*i. Let w be (-18)/4*b/6. Calculate the greatest common factor of h and w.
15
Suppose -b + 13 = z - 0*z, -4*z = -3*b + 46. Let w(x) = -x**2 + 17*x + 4. Let c be w(b). Calculate the greatest common factor of c and 46.
46
Let y(u) = -10*u**3 - 6*u**2 - 8*u + 8. Let r be y(-5). Calculate the highest common factor of r and 28.
28
Suppose -235 + 35 = -2*a. Calculate the highest common factor of 475 and a.
25
Let t(m) = 2*m**2 - m - 1. Let c be t(3). Suppose 4*l - 2*p - 92 = 0, 2*l - 8*p - 54 = -5*p. What is the greatest common factor of c and l?
7
Let q = -41 - -87. Let c be 88/(-6)*12/8. Let v = c + q. What is the greatest common divisor of 8 and v?
8
Let m(b) = 2*b - 1. Let c be m(-5). Suppose -4*v + 46 = 42. Let w = v - c. Calculate the highest common factor of 18 and w.
6
Suppose 2*n = -17 + 23. Suppose n*c - 4*c + 25 = 0. Calculate the highest common divisor of 100 and c.
25
Let q(f) = 4*f + 7. Let t be q(4). What is the highest common factor of t and 161?
23
Let f = 322 - 142. What is the greatest common divisor of f and 27?
9
Let s(y) = -34*y**3 + 3*y**2 + 2*y + 1. Let l be s(-1). Calculate the greatest common divisor of 144 and l.
36
Let f = 36 + -31. Suppose v - 23 = -v + f*o, 2*v + 1 = -3*o. What is the highest common divisor of v and 1?
1
Suppose 0 = -49*r + 56*r - 469. What is the highest common divisor of 335 and r?
67
Suppose -4*h - 5*a = -3705, 3*a - 935 = 6*h - 7*h. What is the greatest common factor of h and 20?
20
Let t(n) = 3*n - 39. Let f be t(14). Suppose -3*j + 21 = -f*y, -2*j + 5*y = 1 - 15. Let q = -3 + 31. Calculate the highest common factor of q and j.
7
Let v(o) be the second derivative of 3*o**5/20 + o**4/6 - o**3/3 + 22*o. Let j be v(2). What is the highest common divisor of j and 84?
28
Let x be (574/(-7))/((-2)/3). Calculate the greatest common factor of 164 and x.
41
Let i be 14/(-6)*36/(-4). Let d be (i/(-6) + 4)*100. Let n = -20 - -40. Calculate the greatest common divisor of n and d.
10
Let y(h) = -h + 1 - 5*h - 7*h. Let m be y(-8). Calculate the greatest common divisor of m and 21.
21
Let z = -54 + 61. Suppose -z*j = -4*j - 9. What is the highest common divisor of 6 and j?
3
Let o(i) = -3*i + 382. Let m be o(-34). Calculate the highest common divisor of m and 88.
44
Let w(c) = c - 22. Let a be w(33). Calculate the highest common factor of 209 and a.
11
Let j(z) = -7*z**2 - 9*z + 3. Let w(b) = 6*b**2 + 9*b - 4. Let x(v) = 3*j(v) + 4*w(v). Let g be x(7). Calculate the highest common divisor of g and 29.
29
Let m(c) = c**2 + 15*c + 14. Let d be m(-22). Let u = 62 - 41. What is the greatest common divisor of d and u?
21
Let v be (-46*(-3)/12)/((-14)/(-1484)). Suppose 18*c + 211 = v. Calculate the greatest common divisor of c and 56.
56
Suppose -13*l + 8*l + 390 = 0. Let p be l/10 - (-5 - (-48)/10). Calculate the highest common factor of p and 4.
4
Let p(i) = -i**3 - 10*i**2 - 15*i - 14. Let q be ((-6)/(-1))/(10/(-15)). Let u be p(q). What is the greatest common divisor of 5 and u?
5
Let n = -1 - -4. Let z be (1 - n)/((-1)/76). Suppose d = 17 + 2. Calculate the highest common divisor of d and z.
19
Suppose 0 = -3*m + 2 + 34. Let h be (4 + 0)/((-6 - -1)/5). Let t be 1 + h - (-45)/9. Calculate the highest common factor of t and m.
2
Let q(g) = g**2 + 8*g - 52. Let h be q(7). Calculate the highest common factor of h and 848.
53
Suppose 5*r - 5 = -o + 8, -5*o - r + 41 = 0. Calculate the greatest common divisor of 352 and o.
8
Let k be (-1 - 3)*27/(-12). Let y = -20 + 18. Let z be (1215/2)/5*y/(-3). What is the highest common divisor of k and z?
9
Let f(p) = p. Let l(x) = 47*x + 30. Let h(a) = -6*f(a) - l(a). Let i be h(-6). What is the greatest common factor of i and 32?
32
Let j = -83 + 50. Let y = 59 + j. Calculate the highest common divisor of y and 52.
26
Suppose 3*c + 2 = 14. Suppose n + n - c = 0. Calculate the highest common factor of 2 and n.
2
Suppose 8*o - 4*o = 660. Let d be (5/3)/(5/o). Let y = 42 - 31. What is the highest common factor of d and y?
11
Let f be 5/(-30) + (248/48 - 5) + 19. Suppose 3*o + 19 = 76. What is the highest common divisor of f and o?
19
Let m = -563 - -864. What is the greatest common factor of 86 and m?
43
Let z be 5/(-2) - ((-415)/2 + -3). Calculate the greatest common divisor of 468 and z.
52
Let i = -435 + 912. Calculate the highest common divisor of i and 106.
53
Suppose -c = v + 2*c - 55, -2 = -2*c. Let h be ((-42)/8 + 2)*-4. Calculate the greatest common divisor of v and h.
13
Suppose -849 = -34*j + 1735. What is the highest common factor of j and 12?
4
Suppose 0 = -5*c - 3*f + 87, -2*f + 12 + 4 = c. Let w = c - -16. Calculate the greatest common factor of 17 and w.
17
Let c(s) = -2*s**3 + s - 2. Let h be c(2). Let k be (22/(-8) + 1)/(2/h). Calculate the highest common divisor of 126 and k.
14
Let x be 2/3 - 46/(-18)*33. Calculate the greatest common factor of 255 and x.
85
Suppose 4*t - 22 + 2 = 2*w, -2*w - 26 = -5*t. Suppose 5*f = -3*i + 31, 2*i - i = f - 3. Let r = t + i. What is the greatest common divisor of r and 1?
1
Let h = -61 - -66. Suppose 4*i = -3*w - 2*w + 45, -h*i - 3*w + 53 = 0. Calculate the greatest common factor of i and 10.
10
Let b(i) = 21*i + 127. Let h be b(22). What is the greatest common factor of h and 31?
31
Let r be 6*(306/9 - 9). Calculate the highest common divisor of 200 and r.
50
Suppose -5*x + 5*h = -2*x - 80, 4*h = -5*x + 121. Suppose -x = -v + 5*l, l = -2*v - 0*l + 28. Calculate the greatest common divisor of 120 and v.
15
Let j(g) = -6*g**3 + g + 1. Let y = 9 + -10. Let t be j(y). Let x be 6/(-4)*(-52)/t. Calculate the greatest common divisor of 143 and x.
13
Let f = -3 + 22. What is the highest common factor of f and 437?
19
Let b = 854 + -824. What is the greatest common divisor of b and 710?
10
Let a = 249 - 149. Let s(w) = 2*w**3 - 5*w**2 - w + 3. Let m be s(3). Suppose 2*j + 208 = 5*d, -3*j - m - 3 = 0. What is the greatest common factor of a and d?
20
Let m be ((-4)/6)/(2/(-3)). Let k = 17 - m. Let v(l) = l**2 + l + 12. Let a be v(-12). What is the greatest common factor of k and a?
16
Suppose -312 = -32*q + 776. What is the highest common factor of q and 2074?
34
Let r(y) = -y + 4. Let c be r(2). Suppose s + 210 = -0*u + c*u, -u - s = -111. Let d = u + -71. What is the greatest common divisor of d and 18?
18
Let r(f) = -f**2 + 7*f - 1. Let u be r(6). Suppose 0 = h, -u*h + 16 = 5*p + 6. What is the highest common factor of p and 4?
2
Let c(h) = h**2 - 3*h - 2. Suppose 169 - 59 = 5*w. Let m = -17 + w. Let p be c(m). What is the highest common divisor of p and 88?
8
Suppose -2*r + 4 = -r. Suppose r*u = -3*o + 149, -2*o - 16 = -2*u + 62. Let i = 70 + u. What is the highest common factor of 72 and i?
36
Suppose 2*w = -w + 18. Suppose -4*u = 2*a - 3*a + 19, 0 = 2*u + 8. Suppose -a*h + w*h - 12 = 0. Calculate the greatest common factor of 1 and h.
1
Suppose 3*c + 31 = -m - 44, 4*m + 256 = -c. Let x = 91 + m. What is the highest common divisor of 70 and x?
14
Let f(j) = 2*j**2 + 12*j + 43. Let m be f(-4). Suppose 2*i = -24 + 60. What is the greatest common factor of i and m?
9
Let m be 3/12 - 178/8. Let p = m - -31. What is the greatest common factor of p and 63?
9
Suppose -4*d = -3*n - 44, -n + 55 = -5*d + 10*d. Calculate the greatest common factor of 253 and d.
11
Let o = -853 - -879. What is the greatest common divisor of 65 and o?
13
Let t(r) = -r - 2. Let x be t(-7). Suppose 0 = 5*s - x, 4*s + s + 51 = 4*o. Let q = -28 - -126. What is the highest common divisor of o and q?
14
Suppose -3*l + 2*d = 16 - 3, 2*l + 27 = 5*d. Let a be 42*(4/l)/(-8). Calculate the highest common divisor of 7 and a.
7
Let